j + 2310. Give z(-39).
48
Let o(c) = 26*c**2 + 1824*c - 10952. What is o(6)?
928
Let i(v) = 276974*v - 6093427. Determine i(22).
1
Let j(y) = y**2 - 8490*y + 59312. What is j(7)?
-69
Let l(s) = -s**3 - s**2 - 574*s - 8722. Calculate l(-12).
-250
Let k(g) = -g**2 - 360*g - 13455. What is k(-39)?
-936
Let p(a) = -163289*a + 7021426. What is p(43)?
-1
Let j(q) = -80*q**3 - 1845*q**2 - 1884*q - 309. What is j(-22)?
-1
Let a(x) = 2390*x + 1532004. What is a(-641)?
14
Let i(u) = 20185*u + 4420500. Calculate i(-219).
-15
Let c(g) = 1062*g - 10153. Give c(10).
467
Let c(q) = -6*q**2 - 148*q - 877. Give c(-13).
33
Let w(r) = 16131*r + 871067. Determine w(-54).
-7
Let u(k) = -k**3 - 5*k**2 - 1907*k + 19. Give u(0).
19
Let s(n) = -n**2 + 519*n - 43. What is s(0)?
-43
Let o(w) = 236*w + 41345. Determine o(-175).
45
Let p(n) = 2*n**2 - 79*n + 842. Give p(23).
83
Let n(r) = -246*r + 3392. Calculate n(12).
440
Let v(j) = -j**2 - 124745*j + 623736. Give v(5).
-14
Let s(f) = -f**3 + 38*f**2 + 1672*f - 658. Determine s(64).
-146
Let o(h) = -14*h**2 - 1416*h - 2847. Determine o(-2).
-71
Let x(h) = -8*h**2 - 2037*h + 11208. What is x(-260)?
28
Let h(t) = -t**2 - 467*t - 1855. Determine h(-462).
455
Let r(o) = 25055*o - 3131868. What is r(125)?
7
Let w(l) = 620176*l + 2480689. What is w(-4)?
-15
Let c(q) = -q**3 + 108*q**2 - 349*q + 15062. What is c(106)?
540
Let h(p) = -5*p**3 + 61*p**2 - 339*p + 3815. Calculate h(12).
-109
Let b(m) = m**3 + 131*m**2 - 814*m + 811. Calculate b(-137).
-285
Let v(q) = 2705*q - 13984. Give v(5).
-459
Let h(b) = 94*b - 6970. Give h(72).
-202
Let c(s) = -s**2 - 94*s - 802. Determine c(-9).
-37
Let f(s) = 96*s**2 - 2334*s + 624. Give f(24).
-96
Let a(m) = 9910*m + 5490083. What is a(-554)?
-57
Let z(y) = -399*y - 45048. Give z(-113).
39
Let u(g) = -8*g**3 + 112*g**2 - g - 89. Give u(14).
-103
Let n(w) = -328*w**3 - 8199*w**2 + 66*w + 1028. Calculate n(-25).
3
Let d(u) = -8*u**3 - 365*u**2 - 1557*u - 1744. Determine d(-41).
-104
Let j(l) = 1401*l - 21129. Calculate j(15).
-114
Let x(b) = 6806*b + 367357. Calculate x(-54).
-167
Let y(c) = -15*c**3 + 133*c**2 + 658*c - 11. Give y(-5).
1899
Let h(o) = -202*o + 12956. Give h(64).
28
Let s(t) = t**3 - 1588*t**2 - 162*t + 257254. Calculate s(1588).
-2
Let q(c) = -77883*c - 389415. What is q(-5)?
0
Let p(a) = -21699*a - 43543. Determine p(-2).
-145
Let q(z) = z**3 - 11*z**2 + 92*z - 200. Give q(3).
4
Let f(m) = -12469*m - 361597. Determine f(-29).
4
Let j(w) = 8644*w + 112258. What is j(-13)?
-114
Let j(c) = -2166*c + 17322. Calculate j(8).
-6
Let o(d) = d**3 - 35*d**2 - 93*d + 3328. Determine o(35).
73
Let g(l) = 34*l**2 - 203*l + 596. Give g(3).
293
Let p(u) = 244*u**2 - 7281*u + 60. Give p(30).
1230
Let k(v) = -v**3 - 9*v**2 + 2501*v + 27272. Give k(-11).
3
Let b(u) = -34*u**2 + 261*u - 273. What is b(7)?
-112
Let r(w) = -11*w**3 + 1771*w**2 - 9*w + 1453. Calculate r(161).
4
Let l(h) = 2*h**3 - 33*h**2 - 17*h + 246. What is l(18)?
912
Let g(n) = -1653*n + 8144. Give g(5).
-121
Let w(n) = n**3 - 11*n**2 - 72*n + 1087. Calculate w(13).
489
Let s(p) = -p**3 + 130*p**2 - 1087*p + 141304. Give s(130).
-6
Let i(j) = j**2 - 136*j + 5622. What is i(76)?
1062
Let n(w) = w**2 - 2457*w - 12290. What is n(-5)?
20
Let g(a) = a**2 - 90086*a - 1621868. Calculate g(-18).
4
Let f(a) = a**3 - 172*a**2 - 10*a + 104. What is f(172)?
-1616
Let d(o) = 9780*o - 1154018. What is d(118)?
22
Let v(g) = g**3 - 408*g**2 + 152*g - 62080. What is v(408)?
-64
Let o(b) = -277*b + 5059. What is o(14)?
1181
Let m(a) = -1536*a + 219647. What is m(143)?
-1
Let h(q) = -2*q**3 + 49*q**2 + 73*q + 135. What is h(26)?
5
Let h(s) = s**3 - 87*s**2 - 6293*s + 324. Calculate h(-47).
89
Let n(f) = -f**2 - 20*f + 733. Calculate n(24).
-323
Let a(o) = -224*o - 3676. Give a(-16).
-92
Let y(b) = 2*b**3 + 8*b**2 - 388*b - 3835. Give y(-10).
-1155
Let m(i) = 46*i**2 - 81*i - 733. Calculate m(5).
12
Let b(p) = -3029*p + 124162. Determine b(41).
-27
Let k(g) = -12*g**2 + 8527*g + 51572. What is k(-6)?
-22
Let a(v) = 57*v**2 - 8908*v - 6606. Calculate a(157).
-169
Let r(j) = -298*j - 64093. Determine r(-206).
-2705
Let w(i) = 1022*i - 206437. Give w(202).
7
Let s(d) = -d**3 - 9*d**2 + 20*d + 216. Determine s(-9).
36
Let x(r) = r**3 + 262*r**2 + 2104*r + 3407. Calculate x(-6).
-1
Let o(t) = -172*t + 36290. Determine o(211).
-2
Let b(q) = -1385*q + 14850. Give b(10).
1000
Let b(j) = -j**3 + 21*j**2 - 26*j - 210. What is b(5)?
60
Let m(r) = r**2 + 96*r - 21393. Determine m(106).
19
Let g(v) = -3*v**3 - 576*v**2 + 3*v + 588. Determine g(-192).
12
Let c(x) = -x**3 + 9*x**2 - 121*x - 3207. Give c(-10).
-97
Let k(h) = -h**3 - 107*h**2 - 1645*h + 275. Calculate k(-19).
-238
Let q(c) = 6*c**2 + 1866*c + 55061. What is q(-33)?
17
Let t(a) = -411*a + 4071. Give t(7).
1194
Let b(m) = 953*m + 9679. Determine b(-10).
149
Let k(g) = -187*g + 2849. Calculate k(13).
418
Let h(r) = -358*r + 232773. Determine h(650).
73
Let a(y) = 484*y - 28908. Give a(60).
132
Let r(c) = -2*c**3 - 2*c**2 - 189*c - 1133. Calculate r(-6).
361
Let z(q) = -150912*q + 754505. What is z(5)?
-55
Let u(s) = 11*s**2 + 14041*s + 111643. Calculate u(-8).
19
Let y(x) = -x**3 + 11*x**2 - 3907*x + 11653. What is y(3)?
4
Let j(y) = y**3 - 139*y**2 - 193*y - 12534. Determine j(141).
15
Let s(l) = 3*l**3 + 150*l**2 + 250*l + 4832. Determine s(-49).
-215
Let i(a) = 9*a**2 + 5280*a - 37252. Give i(7).
149
Let y(v) = v**3 + 202*v**2 + 9042*v + 8837. Give y(-136).
-139
Let z(x) = -4571*x + 9504. Give z(2).
362
Let b(f) = -3*f**2 + 236*f - 3969. Give b(19).
-568
Let b(j) = -211*j**2 + 8017*j + 39. Give b(38).
1
Let c(j) = -73*j**2 - 343*j + 557. Give c(-6).
-13
Let r(x) = -4*x**3 - 47*x**2 - 139*x - 34. Determine r(-7).
8
Let i(s) = -s**3 - 53*s**2 - 69*s + 1654. What is i(-51)?
-29
Let h(w) = 1345*w + 69991. Calculate h(-52).
51
Let o(u) = 3*u**2 - 58237*u + 582069. Give o(10).
-1
Let w(t) = -137*t**2 + 3056*t - 820. What is w(22)?
104
Let d(f) = -f**3 + 319*f**2 - 6*f - 71. Calculate d(0).
-71
Let j(b) = -3*b**3 - 134*b**2 + 49*b + 904. What is j(-45)?
724
Let o(b) = b**3 + 18*b**2 + 236*b + 4070. Give o(-18).
-178
Let s(u) = -62*u**2 + 1700*u + 21973. Determine s(37).
-5
Let i(f) = -1009*f - 675. Determine i(-1).
334
Let r(m) = 3825*m - 1173964. What is r(307)?
311
Let h(y) = -205277*y - 4105535. Determine h(-20).
5
Let t(a) = 466*a**2 + 2887*a + 4093. What is t(-4)?
1
Let x(l) = l**3 + 13*l**2 + 452*l + 4546. What is x(-10)?
326
Let w(h) = -3106*h - 108767. Give w(-35).
-57
Let o(f) = 2*f**2 + 2296*f - 9233. Determine o(4).
-17
Let m(j) = 3485*j - 142948. Determine m(41).
-63
Let m(t) = -1738*t + 333842. Calculate m(192).
146
Let i(z) = 23*z**2 - 159*z - 1831. What is i(13)?
-11
Let h(c) = 7*c**3 - 5*c**2 + 5988*c - 24004. Give h(4).
316
Let q(y) = 18555*y + 185845. What is q(-10)?
295
Let k(c) = c**3 - 17*c**2 - 1476*c + 15450. Calculate k(10).
-10
Let r(j) = 6865*j + 27558. What is r(-4)?
98
Let v(k) = 1059*k**2 + 19006*k - 1003. What is v(-18)?
5
Let r(k) = -k**3 - 6*k**2 - 14*k - 26. Determine r(-5).
19
Let b(v) = -162*v + 10138. Calculate b(62).
94
Let r(o) = 3374*o - 2732939. Give r(810).
1
Let l(w) = 91*w**2 + 62*w - 66. Calculate l(3).
939
Let d(o) = -o**3 - 388*o**2 - 3415*o - 44. What is d(-9)?
-8
Let q(y) = -4*y**3 + 146*y**2 - 56*y + 85. Calculate q(36).
661
Let v(g) = -11*g**2 - 56*g + 2038. What is v(-16)?
118
Let f(k) = k**3 + 3*k**2 + 262*k - 828. Calculate f(3).
12
Let n(o) = 73*o**2 - 2453*o - 8022. Give n(-3).
-6
Let a(v) = -v**3 + 37*v**2 + 10*v + 64. Determine a(38).
-1000
Let g(s) = s**3 + 97*s**2 + 192*s + 119. Give g(-95).
-71
Let w(r) = 25*r - 3698. What is w(123)?
-623
Let t(m) = 13523*m - 283998. What is t(21)?
-15
Let b(i) = 25*i**3 - 352*i**2 + 16*i + 52. Calculate b(14).
-116
Let r(x) = -2*x**3 - 5*x**2 + 147*x - 69. What is r(11)?
-1719
Let h(r) = -39613*r + 158796. Give h(4).
344
Let s(v) = -7*v**2 - 8899*v - 44544. Give s(-5).
-224
Let w(n) = -1199*n**2 - 3705*n - 2604. Give w(-2).
10
Let v(i) = -11*i**3 - 198*i**2 - 121*i - 2193. Calculate v(-18).
-15
Let g(u) = 122*u + 36150. What is g(-319)?
-2768
Let r(l) = l**3 - 194*l**2 + 8037*l - 1137. Determine r(134).
-1539
Let t(v) = 11*v**2 + 2573*v - 2461. Determine t(-235).
359
Let a(y) = -5840*y + 4163915. Dete